{"id":11798,"date":"2017-10-12T15:37:05","date_gmt":"2017-10-12T13:37:05","guid":{"rendered":"http:\/\/www.tischlerei-haaks.de\/?page_id=11798"},"modified":"2020-11-18T16:26:39","modified_gmt":"2020-11-18T16:26:39","slug":"fenster-und-tueren","status":"publish","type":"page","link":"https:\/\/tischlerei-haaks.de\/index.php\/fenster-und-tueren\/","title":{"rendered":"Fenster und T\u00fcren"},"content":{"rendered":"<div class=\"wpb-content-wrapper\"><p>[vc_row][vc_column][vc_images_carousel images=&#8220;11802,11803,11804&#8243; img_size=&#8220;full&#8220;][vc_column_text]<\/p>\n<h2>FENSTER, T\u00dcREN UND BAUELEMENTE<\/h2>\n<h3>Fenster, T\u00fcren und Bauelemente<\/h3>\n<p>Etwa 25 Millionen Haushalte verwenden nach aktuellen Angaben immer noch einfachverglaste Fenster.<br \/>\nDie Nutzer dieser veralteten Fenster heizen buchst\u00e4blich f\u00fcr drau\u00dfen. Neue, mehrfach verglaste Fenster und entsprechende Einbauelemente bieten ein Einsparpotenzial ungeahnter Gr\u00f6\u00dfe.<\/p>\n<p>Wir arbeiten mit PVC und Holzprofilen namenhafter Hersteller. Nat\u00fcrlich bieten wir als Tischlerei unseren Kunden auch die M\u00f6glichkeit von Instandsetzungen alter Rahmeneinheiten nach neuester Energiesparverordnung. Moderne Holzfenster von unserem Partner Firma Wilhelm bieten an dieser Stelle besonders gute W\u00e4rmed\u00e4mmung bei perfektem Wohnkomfort. Im Bereich der PVC-Profile arbeiten wir mit der Firma Aldra seit vielen Jahren zusammen.<\/p>\n<p>Mit einfachen Mitteln die Energieeffizienz steigern<br \/>\nJe niedriger der so genannte U-Wert ausf\u00e4llt, desto besser ist die W\u00e4rmed\u00e4mmf\u00e4higkeit des Fensters. Bei einer Einfachverglasung liegt dieser Wert zwischen 5 und 6. Bei einer Dreifachverglasung dagegen nur noch bei 0,5. Die Steigerung der Energieeffizienz ist so leicht auszurechnen. Die staatliche KfW F\u00f6rderbank unterst\u00fctzt den Einbau neuer Fenster mit zinsg\u00fcnstigen Krediten und Investitionszusch\u00fcssen. Weitere Informationen finden Sie auf den Webseiten der KfW-Bank[\/vc_column_text][\/vc_column][\/vc_row]<\/p>\n<\/div>","protected":false},"excerpt":{"rendered":"<p>[vc_row][vc_column][vc_images_carousel images=&#8220;11802,11803,11804&#8243; img_size=&#8220;full&#8220;][vc_column_text] FENSTER, T\u00dcREN UND BAUELEMENTE Fenster, T\u00fcren und Bauelemente Etwa 25 Millionen Haushalte verwenden nach aktuellen Angaben immer noch einfachverglaste Fenster. Die Nutzer dieser veralteten Fenster heizen buchst\u00e4blich f\u00fcr drau\u00dfen. Neue, mehrfach verglaste Fenster und entsprechende Einbauelemente bieten ein Einsparpotenzial ungeahnter Gr\u00f6\u00dfe. Wir arbeiten mit PVC und Holzprofilen namenhafter Hersteller. Nat\u00fcrlich bieten wir [&hellip;]<\/p>\n","protected":false},"author":1,"featured_media":0,"parent":0,"menu_order":0,"comment_status":"closed","ping_status":"closed","template":"","meta":{"ngg_post_thumbnail":0,"footnotes":""},"class_list":["post-11798","page","type-page","status-publish","hentry"],"_links":{"self":[{"href":"https:\/\/tischlerei-haaks.de\/index.php\/wp-json\/wp\/v2\/pages\/11798","targetHints":{"allow":["GET"]}}],"collection":[{"href":"https:\/\/tischlerei-haaks.de\/index.php\/wp-json\/wp\/v2\/pages"}],"about":[{"href":"https:\/\/tischlerei-haaks.de\/index.php\/wp-json\/wp\/v2\/types\/page"}],"author":[{"embeddable":true,"href":"https:\/\/tischlerei-haaks.de\/index.php\/wp-json\/wp\/v2\/users\/1"}],"replies":[{"embeddable":true,"href":"https:\/\/tischlerei-haaks.de\/index.php\/wp-json\/wp\/v2\/comments?post=11798"}],"version-history":[{"count":1,"href":"https:\/\/tischlerei-haaks.de\/index.php\/wp-json\/wp\/v2\/pages\/11798\/revisions"}],"predecessor-version":[{"id":12267,"href":"https:\/\/tischlerei-haaks.de\/index.php\/wp-json\/wp\/v2\/pages\/11798\/revisions\/12267"}],"wp:attachment":[{"href":"https:\/\/tischlerei-haaks.de\/index.php\/wp-json\/wp\/v2\/media?parent=11798"}],"curies":[{"name":"wp","href":"https:\/\/api.w.org\/{rel}","templated":true}]}}